lculate 4 - ((8 - 7) + -7 + 6).
4
-1 + 2 + -2 + 2 + -2
-1
Evaluate 2 + (0 - 5 - (4 - 8)).
1
Evaluate 1 - (2 + 4) - (-3 + -1).
-1
What is -3 - -1 - 0 - (1 - 6)?
3
Evaluate 4 + (1 - 3) + 0 + 4.
6
Evaluate -13 - (9 + -8) - -8.
-6
Evaluate 5 + -1 + (-5 - -2).
1
0 - (-5 + (0 - -3) + 6)
-4
Calculate 5 + (2 - (4 - -5)) + 6.
4
What is 1 + (3 - (7 - 2))?
-1
Evaluate (-1 - (1 + -1)) + (2 - 1).
0
What is the value of (-1 - -1 - -1) + -2?
-1
What is the value of -11 - (-24 - (-12 - -3))?
4
-17 + 20 + 1 + -1
3
Calculate 0 - -3 - -3 - 8.
-2
What is the value of 7 + (4 + -4 - 1 - 1)?
5
What is 18 + (1 - 16) + -1 + -6?
-4
Calculate -9 - -2 - (-25 - -22).
-4
Calculate 0 - 2 - (7 - (-8 + 25)).
8
Calculate -10 - 1 - -7 - -1 - -5.
2
Evaluate (-4 - -2) + 2 - -4 - -2.
6
-11 + -3 - (-5 - (2 - 1))
-8
Calculate 8 + (0 - 6) - 2.
0
Calculate 5 + (4 - (6 - -7)).
-4
What is -17 + 0 - (-9 - 1)?
-7
Calculate 10 - (-3 + 5 + 5).
3
Evaluate -16 + -1 + -1 + 12.
-6
What is (2 - -2) + (-3 - 2) - -3?
2
Calculate 0 - (-1 + 3) - (-1 - -4).
-5
What is 0 - (-2 + 2 + -3 + -1)?
4
What is the value of (3 - -2 - (-4 + 2)) + -9?
-2
Evaluate (-6 - (-4 + (-3 - -1))) + 4.
4
What is the value of 4 + 1 + (3 - 9 - 4)?
-5
Evaluate (-30 - -35) + (-1 - -2).
6
Evaluate 1 + (-1 - 5) + 2.
-3
What is (-14 - (-10 + 8)) + 7?
-5
Evaluate -2 - (0 - (4 - 5)).
-3
Evaluate -9 - (-6 + 4) - -3.
-4
10 + 1 - (-2 + (0 - -8))
5
What is -10 + (3 - ((8 - 7) + 2))?
-10
What is the value of (2 + -1 - 2 - -1) + 6?
6
What is -6 + 0 + 4 + (-5 - -3)?
-4
What is the value of (3 - 3 - (11 - 5)) + -3?
-9
What is -11 + (-7 - -20) - 0?
2
Calculate 0 + -2 - (-18 - (-11 + -1)).
4
What is the value of (-8 - -5) + 1 + 2?
0
What is 6 + (1 - -3 - 4) + -3?
3
0 - (-6 - -4 - -6)
-4
1 + 6 + (-1 - (-4 - -16))
-6
What is the value of -2 - (4 + 0) - (0 - 4)?
-2
Calculate 2 + -6 + (-1 - (-1 - -1)).
-5
What is -1 + 9 + (-5 - -1) + -2?
2
Evaluate 1 + (1 - 5 - -3).
0
(3 - (3 + 0)) + 5 + 0
5
Calculate -2 + 4 - (-2 - (-9 - -6)).
1
-1 + 0 + -13 + 4
-10
What is the value of -1 - ((-2 - -3) + 0)?
-2
Calculate (-3 - 4) + (-3 - -13).
3
What is -4 - 3 - (-4 - 1)?
-2
Calculate -7 - (6 + -3 - 5 - -2).
-7
What is -2 - (3 - (2 - 1))?
-4
Evaluate 7 + (-4 - -2) + 8 + -8.
5
Evaluate (5 - -5) + (-11 - 3).
-4
What is -5 - (-1 + 0 + -5)?
1
Calculate -10 - (12 - 12) - (-2 + 1).
-9
10 - (10 + 4 - 8)
4
What is -6 + 6 + (-1 - -4)?
3
Calculate -2 + -1 - (0 + (1 - 7)).
3
What is the value of 6 + 2 + -14 - (8 + -14)?
0
Evaluate -3 + (-7 - -6) + 4.
0
What is the value of -3 - (6 - (3 + 0 - -2))?
-4
(1 - (9 - 0)) + 5
-3
What is the value of -5 - ((-3 - -6) + -23 + 13)?
2
Calculate 0 + (-10 - -5 - -3).
-2
Evaluate -2 - -1 - (-30 + 19).
10
-4 - (4 + (-13 - -11))
-6
(-3 - -5 - 0) + 0 + -7
-5
What is 2 - 11 - (-87 - -81)?
-3
Evaluate -3 + -1 - (5 - (-2 + 8)).
-3
Calculate -1 - -11 - (-12 - -19).
3
(-37 - -31) + 2 + -4
-8
What is -1 - 3 - 0 - (-6 + 7)?
-5
What is the value of (0 - (3 - (1 - -1))) + 2?
1
What is -1 - (-3 - 1) - (12 - 5)?
-4
Calculate 2 + (2 + -5 - -5) + -4.
0
What is -4 - (-43 + 38 - (-6 - 1))?
-6
-2 - 3 - 0 - (-14 + 10)
-1
What is the value of (-23 - -22) + (-6 - (3 + -5))?
-5
Calculate 3 + (-13 - -6 - 0).
-4
-3 + -1 + (-8 - -5 - 0)
-7
Evaluate -23 - -26 - (-3 - -9).
-3
-12 + (5 + 18 - 3)
8
Calculate (0 - 3) + (-23 - -17) + 14.
5
Evaluate -3 + 2 + (49 - 56).
-8
Calculate 6 - 1 - 3 - (-7 + 5).
4
Calculate 3 - 4 - (4 + 11 + -19).
3
Calculate (7 - 3 - 15) + (6 - 5).
-10
Evaluate 6 + (1 - 2) + -3.
2
What is the value of 1 - (-1 - -6) - (54 - 54)?
-4
Evaluate 6 + (-10 - -2) + -2.
-4
0 - -2 - (-8 - (-4 - 7))
-1
What is 87 + -91 - (2 + (0 - 1))?
-5
(-3 - (2 - 7)) + 1
3
Evaluate -12 + 2 - (-18 - 1).
9
What is the value of 8 + (-3 - ((0 - -1) + -2))?
6
Evaluate 14 + -10 + 2 - (-2 + 13).
-5
-4 + (-1 - 0) + 2 + 4
1
What is the value of -34 + 35 + (3 - -2)?
6
Evaluate 0 - 1 - (59 + -63).
3
What is the value of 4 - (2 - 6 - (-11 + 6))?
3
Evaluate 2 + -6 + -2 + 7 + -4.
-3
What is the value of 8 - -1 - 3 - (0 - -2)?
4
Calculate 2 + (11 - (-2 - -8)).
7
Calculate 3 - 2 - (1 - 1).
1
Evaluate 11 - (11 + (0 - 13 - -5)).
8
6 + -3 - 1 - -2
4
-3 - -2 - (-5 - -8)
-4
What is -2 + -5 + (-5 - -12)?
0
Evaluate -25 - -25 - (-3 - -6).
-3
What is the value of 9 + (-1 - 7 - -2)?
3
(6 - 8) + (-2 - (1 - 0))
-5
Calculate -85 + 100 + 2 + -18.
-1
-4 + (7 - 2) + 1
2
What is 2 + 4 + -25 + 24?
5
Calculate -32 + 47 + -10 + 2.
7
Calculate -2 - -2 - -2 - 4.
-2
Calculate (4 + -7 - -2) + 0.
-1
What is the value of 0 + (3 - 1) + -4 + -2?
-4
What is the value of -3 - (-2 + 3 - (28 + -21))?
3
Calculate 5 + -7 + (4 - 8).
-6
Evaluate -4 - 2 - (-11 + 9 + -9).
5
What is the value of 3 - (2 + 1) - 0?
0
-1 + 3 - (31 + -26) - 0
-3
Evaluate 3 + -2 + (-7 - -5).
-1
Calculate (0 - 4) + (10 - 8) - -1.
-1
What is (0 - 1) + 4 - (1 + 2)?
0
What is 4 + 3 + -12 + (3 - 1)?
-3
Evaluate -9 + 8 - (2 + -2 + 4).
-5
Evaluate (0 - 8) + 7 + 1.
0
Evaluate 1 - -8 - 2 - (-30 + 36).
1
What is -2 - (-2 + -1) - -4?
5
What is the value of (-2 - (-3 + 1)) + (-215 - -212)?
-3
4 + (-6 - -2 - (-2 - -4))
-2
Calculate (-3 - (7 + -16)) + -1 + 2.
7
Evaluate (-8 - (-5 - -2)) + 4.
-1
-9 + 2 + (21 - 13)
1
What is (-8 - (-30 + 15)) + -2 + -13?
-8
Evaluate -35 + 34 + (0 - 2).
-3
What is the value of (7 - 2) + (-9 - -1) - -8?
5
Evaluate (-8 - -7) + -2 - (-5 - 4).
6
What is the value of -3 + (4 - 6) - -2 - -3?
0
Evaluate -16 - 0 - -9 - (-1 - -1).
-7
-5 + 0 + 7 + -6 + 6
2
Calculate 9 + -22 + 10 - -2.
-1
Evaluate -7 - -12 - -1 - 7.
-1
3 - (3 - (4 + 0))
4
What is 4 - (2 - -2 - 2 - -6)?
-4
Evaluate 1 - 7 - (4 + -3 + -1).
-6
What is 0 + (-6 - -3 - (0 + -2))?
-1
Evaluate 0 + -3 + (-2 - (0 + -2)).
-3
Calculate -17 - -26 - (3 + 3).
3
(-9 - (1 - 1) - -4) + -1
-6
What is (7 - (9 - 1)) + (1 - 5)?
-5
-1 - (3 - ((-4 - -5) + -2))
-5
What is (-1 + 5 - -11) + -7 + 0?
8
1 - (3 - (-1 - 1))
-4
Calculate 1 - (7 - 5) - -3.
2
What is 1 + (-7 - -2) + 1 + 0?
-3
Calculate 18 + 1 + -2 - (426 + -419).
10
What is -1 - 9 - (-124 + 110)?
4
What is 2 + 2 - (-3 + 3)?
4
What is the value of 10 - (13 + (8 - 9))?
-2
Calculate -3 + 2 + -5 - (-11 + 14).
-9
Calculate (1 - 0) + 2 + -7.
-4
What is 9 + -7 + 12 + -18?
-4
Evaluate -11 - (10 + -21 + 2).
-2
Calculate -1 + 2 - (8 + -3).
-4
Calculate -3 + (1 - 1) - (-20 - -19).
-2
Calculate -8 + (11 - 3) + -4 - 0.
-4
What is the value of -1 - -2 - 3 - (-96 - -100)?
-6
(-23 - -23) + (3 - 3) + -2
-2
(-2 - -1 - 0 - 2) + 3
0
What is 2 + (-3 - (-4 - (-4 - -3)))?
2
What is 15 + -9 + -3 + 0 + 2?
5
-1 + 0 + 2 + -2
-1
(4 - -1) + (-6 - -2)
1
What is the value of 1 - (4 - (3 - -5))?
5
What is the value of -2 + 0 + (5 - (-6 + 7))?
2
What is 6 + (6 + -5 - 1) + -1?
5
What is the value of (0 - 2) + -11 + 15 - 0?
2
Evaluate -4 + 7 + 2 - (6 - -4).
-5
What is the value of (-17 - (1 - 5)) + 7?
-6
What is the value of (-1 - -1 - -4) + -2 + 3?
5
Evaluate -2 - (-1 + -5 + (-3 - -9)).
-2
What is the value of -2 + 2 + -3 + -4 - -15?
8
Calculate 4 + (3 - 6) + -4.
-3
What is 3 - (3 + (0 - 1) - 0)?
1
Calculate -1 + 3 + -7 + 2.
-3
What is the value of 4 + 3 - 0 - 8?
-1
Evaluate -5 - (3 - (1 + 2)).
-5
What is the value of 13 + (-1 - 2) + -15?
-5
Evaluate -18 - -13 - (0 - 7).
2
What is 5 + -10 + 2 - 1?
-4
Calculate (1 - 3) + (5 - 6).
-3
-7 + -11 + 6 + 9 + 8
5
Evaluate -1 - (4 + -1 + 1).
-5
Calculate -8 + (-4 - 7) + 26.
7
18 - 10 - 1 - (1 - 0)
6
What is 4 - ((3 - -1) + -3)?
3
What is the value of -4 - (-6 - ((-3 - -6) + -11))?
-6
-5 - (-2 + (-1 - 3 - -3))
-2
What is the value of 4 + 1 + (-1 - 0) - 7?
-3
-5 + -1 + (-23 - -6) + 18
-5
Evaluate -5 - ((-2 - -1) + -2 - 6).
4
What is 2 - (-8 - (-6 + -7))?
-3
What is the value of 3 + (-4 - -4 - 3)?
0
What is the value of -6 + 3 - 2 - (0 + -3)?
-2
Calculate 18 - 15 - (3 - -1 - -1).
-2
What is the value of 5 + 5 + -6 + 0?
4
What is 1 + 0 - (14 + 7 + -20)?
0
-6 + 1 - (2 + 5 - 7)
-5
-7 + 12 + -2 + -3
0
What is (-5 - -3) + (-2 - (-8 + 3))?
1
Calculate (-3 - 2) + 3 + 4.
2
Calculate 0 + -2 + (-7 - -10).
1
Calculate -5 + (-4 - -7) - (1 + -4).
1
Evaluate 6 - 1 - (9 + -2) - 4.
-6
What is -4 + (-5 + 4 - 1)?
-6
What is the value of -4 - (-11 + (5 + 5 - 4))?
1
Evaluate -2 - (0 - -6 - (-14 - -15)).
-7
(1 - (0 + 3 + 0)) + -3
-5
Calculate 2 + -7 - (8 + -8 - 1).
-4
-4 + (1 - 1) + 8 + -5
-1
Evaluate -2 + 9 + -4 + 2.
5
Calculate -1 - (8 - 2) - (4 - 5).